i?
5
Suppose 0 = 14*k - 15*k + 262. Let u = k - -208. Suppose u = -6*x + 2090. What is the units digit of x?
0
What is the ten thousands digit of 2978/(-6)*37/((-222)/216)?
1
Let j(g) be the second derivative of -97*g**3/6 + 3*g**2/2 - g. Let x be j(-3). Suppose -3*w + x = -0*w. What is the tens digit of w?
9
What is the hundreds digit of 0 + 0 - 161405/(-95)?
6
Let s(j) = -j**3 + 16*j**2 + 106*j + 12*j**2 + 6 - 33. What is the hundreds digit of s(31)?
3
Suppose 133 = 3*o - 5*f, -2*o = 5*f - 21 - 26. Suppose 0 = p + o - 5. Let r = p - -98. What is the tens digit of r?
6
Let f = -61 - -223. Suppose 6*r - f = 48. What is the units digit of r?
5
Suppose 3 = -3*a + 4*k + 1, -a - 2 = -2*k. Suppose -4*v + 2*x + 60 = 0, 5*v - 3*x = -a*x + 69. Suppose -v*i - 67 = -14*i. What is the tens digit of i?
6
Suppose 5*i = -0*i - 540. Let v = i - -70. What is the units digit of (0 - 2) + v/4*-4?
6
Let j(c) = -3*c**2 + 20*c + 13. Let o be j(7). What is the hundreds digit of o + -6 + 1 + 435?
4
Suppose 2*c + 2*c = -4*h - 8, -h = -5*c + 14. Let v be (1/c)/((-11)/220). Let w = 7 - v. What is the units digit of w?
7
Let s be (-8)/(1 - 2/4). What is the tens digit of ((4680/s)/13)/((-6)/40)?
5
Let z = -7396 - -24245. What is the ten thousands digit of z?
1
Let k(u) = -u**3 - 10*u**2 - 16*u + 6. Let r be k(-8). Let n = 4 + r. Suppose n*d - 192 = -2*d. What is the units digit of d?
6
Let c(o) = -2020*o + 46058. What is the thousands digit of c(0)?
6
Let y(l) = 1523*l + 249. What is the tens digit of y(3)?
1
Let m(s) = 1676*s**2 - 143*s + 12. What is the ten thousands digit of m(-3)?
1
Let a be 1 - (1 - -4) - 33. Let c = a - -41. Let k(d) = -d**3 + 6*d**2 + 7*d + 4. What is the tens digit of k(c)?
6
Let k = 25 + 676. Let z = k - 336. What is the units digit of z?
5
Suppose 36*w + 3*l - 105789 = 33*w, -2*l = 4*w - 141050. What is the hundreds digit of w?
2
Let i be (-8)/3*(-6)/(-4). Let y be 6/i*(-248)/93. Suppose 0 = 3*a + a - y, -a = 3*v - 52. What is the units digit of v?
7
Suppose -d = 389 + 180. Let b = 1415 + d. What is the hundreds digit of b?
8
Suppose -3*u = 5*d + 14, -2*u + 3*u - 2*d = -23. Let w(a) be the first derivative of -a**3/3 - 15*a**2/2 - 21*a + 2. What is the units digit of w(u)?
5
Let x(a) = -a**3 + 4*a**2 + 2*a + 1903. Let f be x(0). Suppose 1208 = 5*t - 4*i - 679, -5*t - 4*i = -f. What is the units digit of t?
9
Let p = 431 + -427. Suppose -2*s - 620 = -5*s - 5*k, p*s - 880 = 4*k. What is the tens digit of s?
1
Suppose -12 = -3*t + 6*t + 4*h, 5*h = 5*t - 15. Suppose 0 = 5*r - 5*j - 3955, 5*r - j + 0*j - 3943 = t. What is the tens digit of r?
8
Suppose 243*b - 122*b = 123*b - 8200. What is the tens digit of b?
0
Let u be 29 - (-4)/(102/(-15) + 6). What is the tens digit of 24*(-944)/u*-1?
4
What is the thousands digit of 8388 + 0 - (2 - (-8 - -2))?
8
Suppose -3*z - 82 = -2*h, -5*z - 3*h = 6 + 99. What is the units digit of 30/40 + -146*27/z?
5
Let m(z) = z**2 - 10*z - 33. Let b be m(14). Suppose 3413 + 21358 = b*d. What is the hundreds digit of d?
0
Let p(x) be the second derivative of x**4/12 + 13*x**3/6 + 2*x**2 + 11*x. Let g be p(-13). Suppose g*c + 1 = 9. What is the units digit of c?
2
Suppose -156*m + 152*m = -3900. What is the hundreds digit of (-5)/(-10)*8 + m?
9
Suppose 2*i - 2*x = 10, -4*i - 5*x + 2 + 0 = 0. Suppose 5 = i*p - 7. Suppose 0 = -2*q - 3*b + 212, -q - b + 99 = p*b. What is the tens digit of q?
0
What is the units digit of 2141496/98 + 1*-9?
3
Suppose -85*f = -87*f + 5*o + 7852, 0 = -5*f - 8*o + 19712. What is the units digit of f?
6
Let w(h) = h**2 + 22*h + 61. Let v be w(-19). Suppose 2*r - t + v*t = 616, 4*t - 298 = -r. What is the units digit of r?
4
Let t(r) be the first derivative of r**4 + 2*r**3/3 + r**2/2 - 4*r - 3. Let k be (-9)/(63/2) - 69/(-21). What is the units digit of t(k)?
5
Suppose f - 937 - 15787 = -4*i, 3*f = 5*i + 50104. What is the ten thousands digit of f?
1
Let z be 4/(2 + -6) + 2. Let y(a) = -a + 1. Let l be y(z). Suppose -2*p + 76 = -l*p. What is the units digit of p?
8
Let x(b) = 340*b**2 - 58*b + 254. What is the thousands digit of x(5)?
8
Let v(a) = -5*a**3 - 3*a**2 + 54*a + 339. What is the tens digit of v(-15)?
2
Let z(b) = -b**2 - 15*b - 21. Let c be z(-15). Let h = c + 21. Suppose v - 5*j = 64, -3*v = -2*j - h*j - 140. What is the units digit of v?
4
Suppose -17*b + 485 = -22*b. Let r = -85 - b. Suppose 0 = -l - 2*m + 15, 2*m = -2*l - r + 48. What is the tens digit of l?
2
Let c(o) = 3*o - 48. Let n be c(16). Suppose 3*g = -3*t + 33, g + n*g + 13 = 5*t. What is the units digit of (-8)/(-28) + (-90)/g*-2?
6
Suppose 0 = l - 3*h - 14740, -5*l + 33*h = 31*h - 73622. What is the tens digit of l?
2
Let f be 3 - (-9 + 5)/(-4)*0. Suppose -f*c + 3020 = 5*p, 2*p - 3*p = 5*c - 5026. What is the hundreds digit of c?
0
Suppose 15*j = 20*j + 3*f - 28590, 0 = 4*f + 20. What is the tens digit of j?
2
Let h(w) = 3*w**3 + 16*w**2 + 15*w + 52. Let f be h(-5). Let g(i) = 205*i**3 + 4*i**2 + 2*i + 2. What is the thousands digit of g(f)?
1
Let m(r) = -r**3 - 8*r**2 - r + 45. Let u be m(-7). Suppose 0 = 2*l - 4*s - 1714, l - 715 = -u*s + 142. What is the hundreds digit of l?
8
Let g = 8545 - 6108. What is the thousands digit of g?
2
Let o(t) = 155*t**2 + 5*t - 32. Let n(l) = 52*l**2 + l - 10. Let x(b) = -8*n(b) + 3*o(b). What is the hundreds digit of x(3)?
4
Let q(k) = 86*k - 81. Let y(x) = -85*x + 77. Let b(n) = 6*q(n) + 7*y(n). What is the tens digit of b(-6)?
2
Let x(w) = w**2 - 10*w - 7. Let h be x(11). Suppose 2*n - a = 92, h*n + 2*a = a + 196. Let f = n + -35. What is the tens digit of f?
1
Suppose 3*c = 10*c - 28. Suppose 2*f - 6*f + 40 = -c*y, -3*f + 22 = 5*y. Let p = f - -20. What is the units digit of p?
9
Let x = -2157 - -2152. Let a(l) be the second derivative of -35*l**3/6 - 6*l**2 + l. What is the tens digit of a(x)?
6
What is the hundreds digit of 2*2*(-16950)/(-40)?
6
Let x(b) = 6*b**2 + 16*b + 34. Let n be x(-11). Let g = 745 - n. What is the tens digit of g?
6
Let q be 4*1/26 + (-61226)/143. What is the hundreds digit of (q/(-12))/((-2)/(-24))?
4
Suppose 2*r - 10 = 2*u, 10*u + 24 = 5*r + 6*u. Suppose -n + 3 = 0, r*h + 2*n = n + 2887. What is the tens digit of h?
2
What is the tens digit of -84*(-13)/156 + 12*1*5444?
3
Let k = 33 - 31. Suppose -p - 95 - 451 = -k*o, -3*o = 3*p - 801. Let x = o - 160. What is the tens digit of x?
1
Let b = 74538 + -28568. What is the tens digit of b?
7
Let x = 143 - 72. Suppose -x*g + 110755 + 24074 = 0. What is the units digit of g?
9
Suppose 3*o - 4*o = -5*v - 492, 2*o - v - 1020 = 0. Let m = o - 250. Suppose 0 = h - 3*b - 44, 0 = 5*h - 4*b + 3*b - m. What is the units digit of h?
3
Suppose r - 4*y - 9 - 7 = 0, -4 = -3*r + y. Let j = r + -3. What is the hundreds digit of (-161)/j*1*(11 - 8)?
1
Let y = 56 + -50. Suppose y*u - 752 = 148. Let q = -51 + u. What is the units digit of q?
9
Suppose -r = 2 + 18. Let x = r + 26. Suppose -x*s + 357 = -27. What is the units digit of s?
4
Let n = 11516 - 2404. What is the hundreds digit of n?
1
Suppose 11375 + 4717 = 18*b. Let i = b - 572. What is the hundreds digit of i?
3
Let l(w) = 4077*w + 808. What is the tens digit of l(1)?
8
Let r = 13 + -7. Let l be 0 + 0 + 3 - (r + -6). Suppose -2*m - 54 = -l*m. What is the units digit of m?
4
What is the hundreds digit of (19 + (-13 - 11))*(-19528)/10?
7
Let j(n) = 7*n**2 + 43*n + 9. Let u be j(-6). Suppose -200 = -2*t + 6*z - 4*z, -5*t + u*z = -490. What is the tens digit of t?
9
Let s(t) = -19 + 0 + 12*t - 984*t**2 + 982*t**2. Let y be s(5). What is the units digit of (-263)/y + (-4)/18?
9
Suppose -2*x - 1 = -7. Let j(w) = -19 + w**x - 4*w**3 + 7*w - 22*w**2 - 7 + 4*w**3. What is the tens digit of j(22)?
2
Suppose 5*x - 241 = -2*z - z, -3*x + 162 = -4*z. Suppose 3*i = l, -2*l - 3*i = i + x. Let q = l - -39. What is the units digit of q?
4
Suppose -26 + 12 = -3*m + 2*x, -5*x = -5*m + 25. Suppose -980 = -2*k + 3*g, -m*k - 3*g = k - 2492. What is the units digit of k?
6
Let v(c) = -c + 45. Let o(i) = 3*i - 90. Let x be (-10)/(-45) - (-16)/9. Let u(b) = x*o(b) + 5*v(b). What is the units digit of u(-12)?
3
Let i = 10006 - -3223. What is the units digit of i?
9
Suppose -18*j + 675952 + 369614 = 0. What is the thousands digit of j?
8
Suppose -24 + 28 = 4*j, 2*j + 6063 = 5*h. What is th